 x be 530/(21 + -13 - 12/2). Calculate the greatest common factor of 106 and x.
53
Let k be (-2 + (-24)/(-16))*(-1 - 591). Calculate the greatest common divisor of 37 and k.
37
Suppose 0 = 3*r - 80 - 34 - 54. Let j(h) = -3*h - 1. Let l be j(-5). What is the greatest common factor of l and r?
14
Suppose 15 = 5*p, -s - 5*p = -73 - 14. Let c be 6*(-7 - -3 - -7). Calculate the highest common divisor of s and c.
18
Suppose -2*n + 363 = -v + 2*v, -4*v = n - 164. Let p be ((-54)/108)/((-2)/92). What is the highest common divisor of n and p?
23
Let y be ((-12)/10)/((-20)/950). Calculate the highest common divisor of y and 57.
57
Let p(n) = 259*n - 151. Let g be p(10). What is the highest common factor of g and 9?
9
Let s = 2061 + -381. Calculate the highest common divisor of s and 28.
28
Suppose -4*g - 5 = -5*i, 17 + 13 = 2*i + 4*g. Let n(z) = -z - 13. Suppose -10*k - 69 = 111. Let s be n(k). Calculate the highest common factor of i and s.
5
Suppose 5*h + 10 = -5*s + 100, s - 60 = -3*h. Let n(y) = y - 11. Let k be n(h). Calculate the highest common divisor of 60 and k.
10
Suppose 4*y = 2*y + 88. Let d(t) = -8*t + 74. Let j be d(8). Suppose -4*v + 98 = 5*u, -j*v + 6*v - u + 90 = 0. What is the greatest common factor of y and v?
22
Let s(f) = f**3 - 8*f**2 + 10*f - 1. Let c be s(7). Let q = 37 - c. Calculate the greatest common divisor of q and 17.
17
Let p be 4*80/(-30)*-9. What is the highest common divisor of 408 and p?
24
Let j be (-4)/(((-18)/(-300))/((-3)/4)). Calculate the highest common factor of j and 20.
10
Suppose -5 = -k + 9. Let q = k - -16. Let c be q/4*(-6)/(-9). What is the greatest common divisor of 2 and c?
1
Let r = 782 + -678. What is the greatest common divisor of 78 and r?
26
Suppose 0 = -87*t + 89*t + 5*f - 98, 4*t - 3*f = 170. Calculate the greatest common factor of 396 and t.
44
Suppose -2*d - 2*p = -296, -3*d + 4*p - 296 = -5*d. What is the highest common factor of d and 111?
37
Let i(c) = -27*c + 384. Let a be i(-27). What is the highest common factor of 21 and a?
21
Let p(s) = s**3 - 20*s**2 + 27*s + 177. Let f be p(18). What is the highest common divisor of 185 and f?
5
Suppose 14*b = 272 + 5048. Calculate the highest common factor of b and 152.
76
Let v be (8/(-5))/((-4)/10). Suppose v*z = 114 - 18. Suppose 3 = w, 3*k + 0*k = 3*w. What is the greatest common factor of z and k?
3
Let l(c) = c**2 - 2*c + 1. Let d(r) = 3*r**2 - 14*r + 12. Let q(h) = -d(h) + 5*l(h). Let k be q(2). Calculate the greatest common factor of k and 72.
9
Let z = -231 - -239. What is the highest common divisor of z and 5?
1
Suppose -3*q = -2*p + 36, 9*q - 56 = -3*p + 14*q. Let g be (12/(-10))/(2/(-10)). Calculate the greatest common factor of p and g.
6
Let t = -5 - 6. Let r = t - -37. Suppose -3*a - 2*a + 130 = 0. Calculate the highest common divisor of r and a.
26
Let i be (-35)/(-2) - (-1)/(-2). Suppose -i*w - 29 = -18*w. Suppose -x = -w - 27. What is the highest common divisor of 8 and x?
8
Suppose 0 = -5*z + 60 + 45. Let w be 4 - (-42)/(-12) - (-337)/2. Suppose 4*b = f + 335, -2*b - 2*f = -f - w. What is the greatest common factor of b and z?
21
Suppose 10*h + 72 = -28. Let q be (-3)/(-2) + (-435)/h. Calculate the greatest common divisor of q and 5.
5
Suppose -3*z = -21 - 33. Calculate the greatest common factor of 486 and z.
18
Let n = 31 + 4. Let l be 2/(-7) + 10/n. Suppose -2*c + 60 = -l*c - 2*p, 4*p - 20 = 0. What is the greatest common factor of 7 and c?
7
Let g = 23 - 23. Suppose g = 3*j - 7 - 11. Calculate the greatest common divisor of 15 and j.
3
Suppose k - 32 = -3*k. Let y = 40 + -43. Let v be ((-30)/(-35))/(1*y/(-42)). What is the greatest common divisor of v and k?
4
Let q = 60 - 55. Let w be (4/(-5))/(2/(-15)). Let m = -4 + w. Calculate the highest common divisor of m and q.
1
Suppose 1 = -q + 4, -q = 2*y - 15. What is the highest common divisor of y and 78?
6
Let m(w) = 37*w - 2. Let f be m(2). Suppose -5*a = -3*a + 3*i - 52, 156 = 5*a + i. Suppose 13*x + a = 17*x. What is the highest common factor of f and x?
8
Suppose 4*h = h + 144. Let u = 78 - h. Suppose -l = 8*d - 6*d - 155, -4*d + 2*l = -290. Calculate the highest common factor of u and d.
15
Let p be (-140)/12*72/(-120). What is the greatest common factor of 679 and p?
7
Let y = -902 + 918. What is the highest common divisor of y and 1136?
16
Suppose 14 = -n + 5*t, -17 = -5*n - t + 17. Suppose -523*q + 517*q = -54. Calculate the greatest common factor of n and q.
3
Suppose -5*c + 24 + 1 = 0. Suppose -2*b + 227 = c*p, 0 = 3*p - p + 10. Let d be 20 + -19 - (-19 - -2). Calculate the greatest common divisor of d and b.
18
Let w be (-4)/40*6 + (-2076)/(-10). Calculate the greatest common divisor of 23 and w.
23
Let q(i) = i**3 - 33*i**2 + 72. Let f be q(33). Calculate the greatest common divisor of 180 and f.
36
Let t be (-303)/(-6) - (-2)/4. Let g be t*(-1 + 21/9). Suppose -4*a - 4*u + 25 = -3*a, -u - 32 = -2*a. What is the highest common divisor of a and g?
17
Let g be (5/(-4))/(167/(-668)). Calculate the highest common factor of g and 560.
5
Let g be (-20)/10*(-1 + 2). Let x be (g - -4)/(-6)*0. Suppose 3*y = y - 2, x = 5*q + 5*y - 40. What is the highest common divisor of 27 and q?
9
Suppose -4*f + 24 + 24 = 4*m, -3*m + 4*f = -15. What is the greatest common factor of 12 and m?
3
Suppose 4*t + 0*t = -8. Suppose 3*a = 6*x - 3*x - 546, -5*a - x - 898 = 0. Let n be a/24*t/1. Calculate the greatest common factor of 6 and n.
3
Let w be 3/((-1)/((-14)/3)). Suppose -6*s = -5*s - 4. Suppose 5*t = 4*o - 3, 4*o + s*t - 49 + 1 = 0. Calculate the highest common divisor of w and o.
7
Let t = -509 - -551. What is the greatest common factor of 28 and t?
14
Let a(r) = 3*r - 3. Let l be 3*(1 - (4 - 4)). Let w be a(l). What is the greatest common divisor of w and 18?
6
Suppose 5*o = 3*p - 0 + 8, 0 = -2*p - o + 12. Suppose -p*c = 3*c - 1617. Let f = 327 - c. What is the greatest common factor of 12 and f?
12
Suppose -c - 4 = 3*p - 172, p - 5*c - 72 = 0. Let g be 6 + (1 - (-6)/(-2)). Suppose -3*k + g*k = 19. Calculate the greatest common factor of k and p.
19
Let u(r) = 3*r**3 - 182*r**2 - 60*r + 148. Let i be u(61). What is the highest common divisor of i and 475?
19
Let d(p) = -4*p - 114. Let k be d(-39). Let v = 74 + -53. Calculate the highest common factor of v and k.
21
Suppose 2*u + 2*l - 6 = 0, 3*u - 3*l - l - 30 = 0. Let r be (-3 - 1) + (4 + -6 - -298). Suppose r = 6*c - 32. What is the highest common factor of u and c?
6
Suppose -40 = -3*p - 25, -4*n + 5*p = -2271. Calculate the greatest common divisor of n and 42.
14
Suppose 3*h - 3*x - 51 = 0, -h + 45 = 2*h - x. Suppose 2*y - 4 = 0, -44 + 159 = 5*n + 5*y. What is the greatest common divisor of h and n?
7
Let p(v) = 2*v**2 - 28*v + 6. Let k be p(15). Calculate the highest common divisor of k and 558.
18
Let r be 5 - 2/(-1*(-4)/(-78)). Calculate the greatest common factor of r and 33.
11
Let u(q) = -6*q - 37. Let l be u(-7). Calculate the greatest common factor of 115 and l.
5
Suppose -d + 2*a - 138 = 0, -3*a - 9 = -3. Let l = -47 - d. What is the highest common divisor of l and 38?
19
Let s(y) = 10*y - 21. Let j be s(8). Let x = j + -56. Calculate the greatest common factor of 1 and x.
1
Let k(u) = 4 - 2*u - u + 4*u - 3. Let a(l) = -3*l - 8. Let v(s) = a(s) + 4*k(s). Let h be v(7). Calculate the greatest common factor of 2 and h.
1
Let i(a) = 34*a**2 + 4*a - 3. Let y = -19 - -20. Let b be i(y). Calculate the greatest common factor of b and 7.
7
Suppose 2*d - 3*o = 148, -o + 2*o = -2*d + 156. Suppose -8 = -0*x + 4*x, x + d = 5*y. Calculate the greatest common factor of y and 135.
15
Let d(z) = z**2 + 8*z - 15. Suppose 2*i - l + 4*l - 52 = 0, -4*l = 0. Suppose -10 = 3*r + i. Let a be d(r). What is the highest common factor of a and 132?
33
Let d(t) = 13*t**3 - 2*t**2 + 1. Let i be d(1). Let c be i/42 + 47/7. Suppose -n + c = -5. Calculate the highest common factor of 6 and n.
6
Suppose 440*g + 1944 = 449*g. Suppose -4*i + 24 = -3*i. Calculate the highest common divisor of g and i.
24
Let z(c) = 4*c - 13. Let j be z(4). Suppose -j + 7 = 2*y. What is the highest common factor of 3 and y?
1
Let v = 0 - -21. What is the highest common divisor of v and 798?
21
Suppose 9*l - l = -16. Let n be 13 - (-5)/(5/l). What is the highest common fac